{"id":69,"date":"2022-11-01T20:16:46","date_gmt":"2022-11-01T19:16:46","guid":{"rendered":"https:\/\/d.r3.wbsprt.com\/srpskbely.cz\/?page_id=69"},"modified":"2025-01-22T18:21:19","modified_gmt":"2025-01-22T17:21:19","slug":"kontakty","status":"publish","type":"page","link":"https:\/\/www.srpskbely.cz\/?page_id=69","title":{"rendered":"Kontakty"},"content":{"rendered":"\n<p>Sv\u00e9 dotazy, p\u0159ipom\u00ednky a podn\u011bty zas\u00edlejte na e-mailovou adresu:<\/p>\n\n\n\n<p class=\"has-text-align-center has-medium-font-size\"><strong><a href=\"mailto:srps.kbely@seznam.cz\">srps.kbely@seznam.cz<\/a><\/strong><\/p>\n\n\n\n<div class=\"is-layout-flow wp-block-group alignwide\"><div class=\"wp-block-group__inner-container\">\n<div class=\"is-layout-flow wp-block-group alignwide\"><div class=\"wp-block-group__inner-container\"><div class=\"wp-block-image\">\n<figure class=\"alignright size-large is-resized\"><img decoding=\"async\" loading=\"lazy\" src=\"https:\/\/www.srpskbely.cz\/wp-content\/uploads\/2022\/11\/Skola_vchod.jpg\" alt=\"\" width=\"304\" height=\"228\"\/><\/figure><\/div>\n\n\n<p><strong>Koresponden\u010dn\u00ed adresa:<\/strong><\/p>\n\n\n\n<p><strong>Spolek rodi\u010d\u016f a p\u0159\u00e1tel \u0161koly Praha &#8211; Kbely<\/strong><br>Albrechtick\u00e1 732<br>197 00 Praha 9 &#8211; Kbely<\/p>\n\n\n\n<p>Bankovn\u00ed \u00fa\u010det: <strong>2000675576 \/ 2010<\/strong> (Fiobanka)<br>I\u010c: 03416348<\/p>\n<\/div><\/div>\n<\/div><\/div>\n\n\n\n<p><strong>P\u0159\u00edsp\u011bvky:<\/strong><br>\u010clensk\u00fd: <strong>500 K\u010d<\/strong> (povinn\u00fd; z\u00e1rove\u0148 poplatek za d\u00edt\u011b)<br>Dar do fondu SRP\u0160: <strong>500 K\u010d za 1. d\u00edt\u011b, 250 K\u010d za 2. d\u00edt\u011b, 0 K\u010d za 3. a dal\u0161\u00ed d\u011bti<\/strong><br><strong>Do pozn\u00e1mky v\u017edy uve\u010fte jm\u00e9no, p\u0159\u00edjmen\u00ed a t\u0159\u00eddu d\u00edt\u011bte\/d\u011bt\u00ed.<\/strong><\/p>\n\n\n\n<p><strong>Variabiln\u00ed symboly pro:<\/strong><br>&#8211; \u010dlensk\u00e9 p\u0159\u00edsp\u011bvky: <strong>2001<\/strong><br>&#8211; p\u0159\u00edsp\u011bvky (dary) do fondu SRP\u0160: <strong>2002<\/strong><br>&#8211; ostatn\u00ed dary: <strong>2003<\/strong><\/p>\n\n\n\n<p>P\u0159\u00edsp\u011bvek je da\u0148ov\u011b ode\u010ditateln\u00fd jako dar, na z\u00e1klad\u011b \u017e\u00e1dosti V\u00e1m vystav\u00edme potvrzen\u00ed.<\/p>\n\n\n\n<p><strong>QR k\u00f3d pro p\u0159\u00edsp\u011bvky do fondu ve v\u00fd\u0161i 500 K\u010d. Dopl\u0148te, pros\u00edm, jm\u00e9no d\u00edt\u011bte a jeho t\u0159\u00eddu.<\/strong><\/p>\n\n\n\n<figure class=\"wp-block-image size-full is-resized\"><img decoding=\"async\" loading=\"lazy\" src=\"https:\/\/www.srpskbely.cz\/wp-content\/uploads\/2024\/01\/QR-kod-500.jpg\" alt=\"\" class=\"wp-image-573\" width=\"231\" height=\"231\" srcset=\"https:\/\/www.srpskbely.cz\/wp-content\/uploads\/2024\/01\/QR-kod-500.jpg 350w, https:\/\/www.srpskbely.cz\/wp-content\/uploads\/2024\/01\/QR-kod-500-300x300.jpg 300w, https:\/\/www.srpskbely.cz\/wp-content\/uploads\/2024\/01\/QR-kod-500-150x150.jpg 150w\" sizes=\"(max-width: 231px) 100vw, 231px\" \/><\/figure>\n\n\n\n<p class=\"has-medium-font-size\"><strong>\u200b<\/strong><\/p>\n\n\n\n<p class=\"has-vivid-red-color has-text-color has-medium-font-size\"><strong>Lid\u00e9 ve veden\u00ed SRP\u0160<\/strong><\/p>\n\n\n\n<p><strong>\u200bV\u00fdkonn\u00fd v\u00fdbor<\/strong><br>Radom\u00edr \u0160vec &#8211; p\u0159edseda<br>Radka J\u00ednov\u00e1<br>Barbora Zapletalov\u00e1<\/p>\n\n\n\n<p><\/p>\n\n\n\n<p><strong>Kontroln\u00ed komise<\/strong><br>Ji\u0159ina Gregorov\u00e1 &#8211; p\u0159edsedkyn\u011b&nbsp;<br>Martina Bl\u00e1hov\u00e1<br>Zuzana Trojanov\u00e1<\/p>\n\n\n\n<p><\/p>\n\n\n\n<figure class=\"wp-block-image size-medium is-style-rounded\"><img decoding=\"async\" loading=\"lazy\" width=\"300\" height=\"225\" src=\"https:\/\/www.srpskbely.cz\/wp-content\/uploads\/2022\/11\/KK_1-300x225.jpg\" alt=\"\" class=\"wp-image-253\" srcset=\"https:\/\/www.srpskbely.cz\/wp-content\/uploads\/2022\/11\/KK_1-300x225.jpg 300w, https:\/\/www.srpskbely.cz\/wp-content\/uploads\/2022\/11\/KK_1-1024x768.jpg 1024w, https:\/\/www.srpskbely.cz\/wp-content\/uploads\/2022\/11\/KK_1-768x576.jpg 768w, https:\/\/www.srpskbely.cz\/wp-content\/uploads\/2022\/11\/KK_1-1536x1152.jpg 1536w, https:\/\/www.srpskbely.cz\/wp-content\/uploads\/2022\/11\/KK_1-2048x1536.jpg 2048w\" sizes=\"(max-width: 300px) 100vw, 300px\" \/><\/figure>\n\n\n\n<p><strong>Stravovac\u00ed komise<\/strong><br>\u017daneta Slavatov\u00e1<br>Jana Bezemkov\u00e1<\/p>\n\n\n\n<p>\u200b<\/p>\n","protected":false},"excerpt":{"rendered":"<p>Sv\u00e9 dotazy, p\u0159ipom\u00ednky a podn\u011bty zas\u00edlejte na e-mailovou adresu: srps.kbely@seznam.cz Koresponden\u010dn\u00ed adresa: Spolek rodi\u010d\u016f a p\u0159\u00e1tel \u0161koly Praha &#8211; KbelyAlbrechtick\u00e1 732197 00 Praha 9 &#8211; Kbely Bankovn\u00ed \u00fa\u010det: 2000675576 \/ 2010 (Fiobanka)I\u010c: 03416348 P\u0159\u00edsp\u011bvky:\u010clensk\u00fd: 500 K\u010d (povinn\u00fd; z\u00e1rove\u0148 poplatek za d\u00edt\u011b)Dar do fondu SRP\u0160: 500 K\u010d za 1. d\u00edt\u011b, 250 K\u010d za 2. d\u00edt\u011b, 0 [&hellip;]<\/p>\n","protected":false},"author":1,"featured_media":0,"parent":0,"menu_order":0,"comment_status":"closed","ping_status":"closed","template":"","meta":[],"_links":{"self":[{"href":"https:\/\/www.srpskbely.cz\/index.php?rest_route=\/wp\/v2\/pages\/69"}],"collection":[{"href":"https:\/\/www.srpskbely.cz\/index.php?rest_route=\/wp\/v2\/pages"}],"about":[{"href":"https:\/\/www.srpskbely.cz\/index.php?rest_route=\/wp\/v2\/types\/page"}],"author":[{"embeddable":true,"href":"https:\/\/www.srpskbely.cz\/index.php?rest_route=\/wp\/v2\/users\/1"}],"replies":[{"embeddable":true,"href":"https:\/\/www.srpskbely.cz\/index.php?rest_route=%2Fwp%2Fv2%2Fcomments&post=69"}],"version-history":[{"count":6,"href":"https:\/\/www.srpskbely.cz\/index.php?rest_route=\/wp\/v2\/pages\/69\/revisions"}],"predecessor-version":[{"id":726,"href":"https:\/\/www.srpskbely.cz\/index.php?rest_route=\/wp\/v2\/pages\/69\/revisions\/726"}],"wp:attachment":[{"href":"https:\/\/www.srpskbely.cz\/index.php?rest_route=%2Fwp%2Fv2%2Fmedia&parent=69"}],"curies":[{"name":"wp","href":"https:\/\/api.w.org\/{rel}","templated":true}]}}